True
Is 50488315507 a prime number?
False
Is 76924139 a prime number?
True
Is 2185909211 a composite number?
False
Is 22457541601 a prime number?
False
Is 10104019573 prime?
True
Is 818292619 a composite number?
True
Is 15577244131 a prime number?
False
Is 87996795373 prime?
False
Is 2642036977 prime?
False
Is 13718928689 a prime number?
True
Is 1406249321 a composite number?
False
Is 149246677163 a composite number?
False
Is 2603207407 prime?
True
Is 1961090765 prime?
False
Is 4101065061 a composite number?
True
Is 7824989577 a composite number?
True
Is 85176449819 composite?
True
Is 512797687 a prime number?
True
Is 3126115549 composite?
True
Is 160639673 composite?
False
Is 4126849303 prime?
True
Is 52805592607 prime?
True
Is 1343811493 composite?
True
Is 943406839 a prime number?
True
Is 8254874163 composite?
True
Is 2661597869 composite?
True
Is 476056259 prime?
False
Is 298840163 a prime number?
True
Is 606553697 prime?
True
Is 31034411 a prime number?
True
Is 314567107 a prime number?
False
Is 900071611 composite?
False
Is 10208586695 a composite number?
True
Is 1006526827 a prime number?
True
Is 232960967 a composite number?
True
Is 3051920843 composite?
False
Is 43401637469 composite?
False
Is 13865809939 a composite number?
False
Is 6635267903 a composite number?
True
Is 263240959 a prime number?
True
Is 1026393143 a prime number?
False
Is 283443287 a prime number?
True
Is 21990841649 composite?
True
Is 1492547597 a composite number?
False
Is 121946351 a composite number?
True
Is 1099452317 a prime number?
False
Is 33808098838 a prime number?
False
Is 718131329 a composite number?
False
Is 31681007 prime?
True
Is 47446459733 a composite number?
False
Is 751874789 a prime number?
True
Is 10153824809 a composite number?
True
Is 53488088549 prime?
False
Is 6368365073 a prime number?
False
Is 2097119191 composite?
False
Is 1992474741 composite?
True
Is 4843052257 a prime number?
False
Is 1582242823 composite?
True
Is 3206401141 a composite number?
False
Is 146503848417 a composite number?
True
Is 5839184171 prime?
False
Is 33860816137 prime?
True
Is 1697982829 composite?
False
Is 3106687859 a composite number?
True
Is 6207395291 composite?
False
Is 99057797 a prime number?
True
Is 1000144853 composite?
True
Is 79490387 a composite number?
True
Is 11038254047 composite?
True
Is 787895111 prime?
False
Is 56805787771 a composite number?
False
Is 193456493821 a composite number?
False
Is 16976225531 prime?
True
Is 5267161519 a prime number?
False
Is 3681788767 prime?
False
Is 11721144047 a prime number?
True
Is 737558729 a prime number?
False
Is 669193897 a composite number?
False
Is 15244830949 a prime number?
False
Is 1072818433 prime?
True
Is 267569479 a composite number?
True
Is 318399971 composite?
True
Is 221288651 composite?
False
Is 5231143643 prime?
False
Is 787435457 composite?
True
Is 142631840569 prime?
True
Is 87640561 a prime number?
False
Is 868232707 prime?
False
Is 70673183 a composite number?
True
Is 2972874389 prime?
True
Is 2296996561 composite?
True
Is 22897182197 prime?
True
Is 3734954807 prime?
True
Is 7432954085 a prime number?
False
Is 194210480441 composite?
False
Is 527873179 a composite number?
False
Is 62490624733 a composite number?
False
Is 24115389713 prime?
True
Is 7275089567 prime?
False
Is 1419492913 a prime number?
True
Is 148803401 a composite number?
True
Is 1333393433 composite?
True
Is 599952487 a composite number?
False
Is 1794726403 prime?
False
Is 32961785177 prime?
True
Is 548942263 a composite number?
False
Is 14902472747 prime?
False
Is 43898887 composite?
False
Is 7605729497 a composite number?
False
Is 1114776913 composite?
False
Is 2887462537 a composite number?
True
Is 31630781695 a composite number?
True
Is 4514133307 a prime number?
True
Is 3165290363 a composite number?
True
Is 1245807131 prime?
False
Is 4811066479 composite?
True
Is 17365475591 a prime number?
True
Is 12309708029 a prime number?
False
Is 25398849691 composite?
True
Is 35596046471 a prime number?
True
Is 183131509 a prime number?
False
Is 178379227 composite?
True
Is 12840314983 a prime number?
True
Is 2615532443 a prime number?
True
Is 7734018949 composite?
True
Is 9318020081 a prime number?
True
Is 45595039319 a prime number?
True
Is 21878566319 prime?
True
Is 53516381309 a prime number?
True
Is 27192391 a composite number?
False
Is 258184007 composite?
True
Is 14936182931 prime?
False
Is 21394510927 prime?
True
Is 86568551491 a composite number?
False
Is 931927246 composite?
True
Is 157607053 prime?
False
Is 53889786217 a composite number?
False
Is 541082329 composite?
False
Is 106428719 prime?
False
Is 5021443319 composite?
False
Is 7967645927 a prime number?
True
Is 115894007 prime?
True
Is 2946861653 composite?
False
Is 3627480691 a composite number?
False
Is 125924791 prime?
True
Is 256283160773 a prime number?
True
Is 26659918513 a prime number?
True
Is 460351061 composite?
False
Is 1563643979 composite?
False
Is 145211811413 a prime number?
True
Is 163625857 a prime number?
True
Is 810673231 prime?
True
Is 14078890361 prime?
True
Is 3351547187 composite?
True
Is 6093690217 a prime number?
False
Is 849324631 prime?
True
Is 91170437 a composite number?
True
Is 736533869 composite?
False
Is 17744145941 a prime number?
True
Is 4327715207 a composite number?
True
Is 108856620911 prime?
True
Is 2768000119 a composite number?
True
Is 273269671 prime?
False
Is 11711996743 composite?
False
Is 807677561 a prime number?
True
Is 133214987023 a composite number?
True
Is 52035881 a prime number?
True
Is 2588537059 prime?
True
Is 7352689381 a prime number?
False
Is 729048527 prime?
True
Is 3529403611 prime?
True
Is 679378559 prime?
True
Is 1479702817 prime?
True
Is 389466041 a composite number?
False
Is 6352654051 composite?
False
Is 7002979486 a prime number?
False
Is 1911839239 a composite number?
True
Is 19373932657 composite?
True
Is 232749143911 prime?
False
Is 13077867161 composite?
False
Is 26129837661 composite?
True
Is 249925453 prime?
True
Is 678886651 prime?
False
Is 10538792687 prime?
True
Is 40531423 composite?
False
Is 73797734 a prime number?
False
Is 29424838601 composite?
False
Is 642150749 prime?
False
Is 5819366081 a prime number?
True
Is 2528645866 a composite number?
True
Is 455948839 composite?
False
Is 47666086079 a prime number?
False
Is 2487631451 prime?
False
Is 2896080533 prime?
True
Is 222360806405 composite?
True
Is 24917417851 a composite number?
False
Is 805976711 a composite number?
True
Is 187429103 a composite number?
True
Is 14343374671 a prime number?
False
Is 5201493443 a prime number?
False
Is 10590555403 prime?
True
Is 8483488333 composite?
True
Is 215734763 a prime number?
True
Is 676959143 composite?
True
Is 1905622751 prime?
True
Is 166091999 a composite number?
False
Is 452838601 composite?
True
Is 11024184767 prime?
False
Is 35538183997 composite?
False
Is 1502670779 a prime number?
True
Is 3420302869 a composite number?
False
Is 441894734 a composite number?
True
Is 97401204737 prime?
True
Is 20925679639 composite?
False
Is 58739199569 composite?
False
Is 2376997537 prime?
False
Is 14616770383 prime?
True
Is 13901631131 a prime number?
False
Is 1034480231 a prime number?
True
Is 13214232511 a prime number?
True
Is 31075199 composite?
False
Is 856075757 composite?
True
Is 135650617849 a composite number?
True
Is 474306013 prime?
True
Is 2252868581 a composite number?
False
Is 9127558757 a composite number?
True
Is 31942530863 a composite number?
False
Is 9521283697 a composite number?
False
Is 1544432131 a prime number?
False
Is 17316159919 prime?
True
Is 1830286109 composite?
False
Is 7615456223 a composite number?
True
Is 157494499913 prime?
False
Is 71629698079 composite?
True
Is 12621476911 composite?
False
Is 14992503301 a prime number?
True
Is 89205427 prime?
False
Is 27574414033 prime?
True
Is 1350825193 prime?
False
Is 23375958547 prime?
True
Is 3515015633 prime?
True
Is 2873073743 a prime number?
True
Is 99626527211 a composite number?
True
Is 718748669 a composite number?
True
Is 67420417583 composite?
True
Is 312744079 composite?
False
Is 11142697 prime?
True
Is 5048859763 a composite number?
True
Is 5089492403 a prime number?
True
Is 13512220121 a prime number?
True
Is